-a + 14. Let k(f) = -21*f**3 + 2*f**2 + 4*f + 3. Let w(n) = -n + 1. Let y be w(3). Let c be k(y). Calculate the highest common divisor of a and c.
19
Let s be 4/(4/(-3)) - (-8 - -3). Let u be 10/6 + (-2)/(-6). What is the greatest common divisor of s and u?
2
Suppose 0 = x - 5*d + 22, 0 = -5*x - d + 4*d. What is the greatest common divisor of x and 6?
3
Suppose 7*s = 3*s + 2616. Suppose 6*a = 4*a + s. Suppose -264 = -4*y + 3*w, -2*y + 7*y - 3*w - a = 0. Calculate the greatest common divisor of 9 and y.
9
Let p = -54 + 88. Suppose -b + 41 = -p. What is the greatest common factor of 15 and b?
15
Let n(a) = a + 12. Suppose -q + 26 = -5*r, 2*r - 5*q = -0*r + 8. Let b be n(r). Suppose -w + b - 1 = 0. What is the highest common divisor of w and 15?
5
Let l = -94 + 116. What is the greatest common divisor of 198 and l?
22
Suppose -4*b + 384 = -2*b. What is the greatest common divisor of 24 and b?
24
Suppose o = 10*o - 9. Let j be (13 - 1)*2/3. Calculate the highest common divisor of o and j.
1
Let s be (-4 - 1)*(-5 + 4). Suppose 4*j = -2*b, -1 - 2 = -3*b - s*j. What is the greatest common factor of 15 and b?
3
Suppose 0 = -2*f - 4*b - 430, -2*f + 0*f - 431 = 5*b. Let t be 4*f/(-6) + 0. Suppose -t = -3*k + 128. What is the highest common factor of k and 10?
10
Let x = -44 - -139. Let s = -51 - -20. Let o = -12 - s. What is the highest common factor of x and o?
19
Suppose 4*o = 0, 2*z + z = 2*o + 6. Suppose -4*i - 25 = -5*w - 5, 0 = 5*i. Let j be z/w - 5/(-10). Calculate the greatest common factor of 11 and j.
1
Let g = 19 + 6. Let q = -13 + g. Suppose -a + 42 = -18. Calculate the greatest common divisor of a and q.
12
Suppose 0*d + 5*d = 20. Let v be (-1 + 3)/(1/d). Let c(j) = 3*j**2 - 8*j - 3. Let o be c(7). Calculate the highest common divisor of v and o.
8
Suppose -2*c + 31 = -5*z, c + z - 29 = -3*c. Suppose 30*v - 34*v = -c. What is the highest common factor of 8 and v?
2
Let p(z) = -z**2 - 8*z + 13. Let m be p(-7). What is the highest common factor of m and 40?
20
Let u be (-18)/(-8)*24/18. Suppose -2*s - 2*s + 72 = 0. Let t be s/u - (2 - -1). What is the greatest common factor of 3 and t?
3
Let h = 3 - -1. Suppose t + 2*t - 9 = 0. Suppose -t*s + 78 = -6. Calculate the highest common divisor of h and s.
4
Let u(b) = -b**3 + 9*b**2 + 2*b + 4. Let p be u(9). Suppose -2*r = -4 - 18. Calculate the highest common divisor of p and r.
11
Let x be 258/4 - 1/(-2). Let d be 2 + (3 - (-6)/(-3)). Suppose -81 = -d*q - a, 3*a - 28 + 97 = 3*q. Calculate the highest common factor of x and q.
13
Let j(n) be the second derivative of 5*n**3/6 + n**2/2 + 3*n. Let d be j(2). Let m = -25 - -80. What is the greatest common factor of m and d?
11
Let t = -4 - -7. Suppose d + 7 = 8. Calculate the greatest common factor of t and d.
1
Let m(v) = 2*v + 12. Let y be m(6). What is the greatest common factor of 96 and y?
24
Suppose -4*u - h + 57 = 0, 25 = 2*h + 3*h. Suppose u = -5*g + 63. Calculate the greatest common divisor of g and 70.
10
Let u(j) = -j**2 + 9*j - 9. Let p be u(5). Suppose 3*t + 2*w - 287 = 0, -w - 322 = -3*t + 4*w. What is the greatest common divisor of p and t?
11
Let r = -3 - -12. Suppose -19 - r = -2*i. Suppose 5*u = 61 + i. Calculate the greatest common divisor of u and 15.
15
Suppose 3*l = 2*r - l - 34, -2*r - 5*l + 79 = 0. Suppose -8*b = -5*b - r. What is the greatest common factor of 18 and b?
9
Let v = 61 - 37. Let x = 1 - -5. What is the greatest common divisor of v and x?
6
Let m be ((-759)/(-44))/(2/8). What is the highest common factor of m and 23?
23
Let t = -5 + 9. Suppose -7 = -3*n - j, -3*n + t*n - 13 = 5*j. Suppose -4*y + 33 = -x, -10 = -4*y + n*x + 17. Calculate the greatest common divisor of 99 and y.
9
Suppose 2 = -4*x + 322. What is the greatest common factor of x and 8?
8
Let d = -114 + 174. What is the highest common factor of d and 90?
30
Suppose 1 = -3*y + 91. Let i be y/(-70) + 216/14. Suppose 4*p - 9 - i = 0. What is the highest common factor of p and 24?
6
Suppose 4*n + 148 = 3*z, -z + 6*z - 4*n = 236. Calculate the greatest common divisor of z and 11.
11
Let z = 0 + 4. Suppose -s + 19 = -z*b, -3*s = -0*b + 3*b - 72. Let h = 47 - s. Calculate the greatest common divisor of h and 3.
3
Let p(u) = -u**3 - 3*u - 1. Let v be p(-4). Let s be 5 + -1 - 1*-13*2. Calculate the highest common divisor of v and s.
15
Let y = 35 + -10. What is the greatest common divisor of y and 200?
25
Let m = -5 - -140. Suppose 2*g + 6 = 0, 2*o = -o + g + 48. What is the greatest common factor of m and o?
15
Suppose -3*y + 19 - 1 = 0. Let l(v) = 9*v + 12. Let o be l(y). What is the highest common divisor of o and 6?
6
Let o be (1 - 1) + 1 + 51. Let l = 77 - o. Calculate the highest common divisor of l and 5.
5
Let s = -27 + 50. Let h = s + -14. Suppose -y - 4*y = -15. What is the highest common factor of h and y?
3
Let n(f) = -8*f + 2. Suppose -4*s - 2 - 16 = 2*z, 3*z + 7 = -s. Let m be n(s). Calculate the greatest common factor of 17 and m.
17
Suppose -664 = -c - 3*c. Let h = c - 6. Suppose -2*v - 2*v + h = 0. What is the greatest common factor of v and 10?
10
Suppose -4*q = 5*v - 119, 18 - 107 = -3*v + 2*q. What is the greatest common divisor of 9 and v?
9
Let m(h) = h**3 + 9*h**2 - 4*h - 13. Let t be m(-9). Suppose 2*d + 4 = -2*d, 0 = 3*v - 2*d - t. What is the highest common divisor of 28 and v?
7
Suppose -y = 3*y - 32. Suppose 0 = y*w - 3*w - 30. Calculate the greatest common divisor of w and 6.
6
Suppose 0 = 4*s + 16 - 80. Suppose -a - 1 + s = 0. Let o be (-64)/(-20) + 1/(-5). What is the greatest common divisor of a and o?
3
Let z be ((-3)/12*-12)/(2/26). What is the greatest common divisor of 312 and z?
39
Let k be 8/(-64) + (-722)/(-16). Let g = 9 - -8. Let f be g - (-1)/(2/(-4)). Calculate the greatest common divisor of k and f.
15
Suppose -4*t = -4, 9 = 6*k - 3*k - 3*t. Let b be 15*(10/6 - 1). What is the greatest common factor of k and b?
2
Suppose 3*v + 2*h = 5*v + 10, -5*v = -3*h + 19. Let k(n) = -3*n + 1. Let o be k(v). Calculate the highest common factor of o and 7.
7
Let k(r) = r - 2. Suppose 0 = 2*x + x - 15. Let d be k(x). Calculate the greatest common divisor of 6 and d.
3
Let a = 157 + -130. Calculate the highest common divisor of 36 and a.
9
Let s(n) = -2*n - 3. Let x be s(-4). Let b = -3 - 1. Let v be (2/b)/(2/(-160)). Calculate the highest common factor of x and v.
5
Let x be 1/(-5)*(-5 + 0). What is the greatest common factor of x and 5?
1
Let l(u) be the first derivative of -u**3/3 + 7*u**2 + 4*u + 3. Let x be l(9). Calculate the greatest common factor of x and 7.
7
Suppose -2 = g - 2*g. Suppose 4*w = 3*w + g*f + 74, -246 = -3*w - 2*f. What is the highest common divisor of w and 20?
20
Suppose -4*y - y = -3*n - 8, -20 = -n - 4*y. Suppose 0*w = 4*w - 8. Suppose w*i = 2*j - 44, -i + n*i + 46 = 2*j. What is the greatest common divisor of 8 and j?
4
Let u = 56 + -34. Suppose 0*k = -2*k + u. Let w(c) = 5*c**2 - 2*c. Let h be w(-4). Calculate the highest common divisor of k and h.
11
Let v(t) = t**2 - 2*t - 4. Let h be v(-4). Let j be (18/(-45))/(2/(-50)). What is the highest common divisor of h and j?
10
Let v be 6/(-15) - 54/(-10). Suppose -v*z = -c - 360, -360 = -3*z - 2*z + 5*c. Suppose -5*b + z = -b. Calculate the greatest common factor of 18 and b.
18
Let s be 2/(8/(-12)) + 6. Suppose 4*v = -5*z + 908, z - 714 = -3*z + s*v. What is the greatest common factor of z and 20?
20
Let b = 10 - 7. Let t be (2 - 1 - 0) + -1. Suppose -2*i - 19 + 49 = t. Calculate the greatest common divisor of b and i.
3
Suppose 44 = 4*v - 0*v. What is the greatest common divisor of 1 and v?
1
Let w(x) = 17*x**3 + x. Let d be w(1). Let q(s) = -10*s - 3. Let p be q(-3). Calculate the highest common factor of p and d.
9
Suppose 6 = -4*j + j, -4*l + 3*j + 14 = 0. Suppose -l*y + 11 = -0*y - 3*u, 3*y - 4*u - 15 = 0. Calculate the highest common factor of y and 8.
1
Suppose 4 = x - 4*n - 14, -n - 72 = -4*x. What is the greatest common divisor of x and 45?
9
Let i be 312/42 - (-12)/21. Calculate the highest common factor of 1 and i.
1
Suppose 3*t - 5*y - 105 = 0, -162 = -5*t - 0*t + 4*y. Suppose 5*p - 34 = p + 2*j, 5*j + t = 5*p. What is the highest common divisor of 99 and p?
11
Suppose -5*n + 0*d - d = -16, 0 = n + d. Suppose -y - 7 = -j, -3 = -j + n*y - 5. C